)/6*(-8 + 2). Suppose 4*p - 6 - 14 = 0, 0 = v*j - 5*p - 68. Suppose -h = -0*u + 5*u - j, 4*h + 4*u = 60. Is h a prime number?
True
Suppose 0 = 4*l + 2*d - 2692, -3*d = -2*l + d + 1346. Is l a composite number?
False
Suppose 5*x + 3*c + 1123 = 0, -2*c = 2*c - 16. Suppose -s = -2*p - 374, -2*s = -0*p - p - 739. Let l = s + x. Is l a prime number?
False
Let k(f) = 38*f**2 - 2*f - 3. Is k(-4) prime?
True
Suppose 15*w + 9863 = 22*w. Is w composite?
False
Let b = 2 - 6. Is 4/(0 + b/(-62)) a composite number?
True
Let z(h) be the third derivative of -h**4/24 + 25*h**3/2 - 2*h**2. Let x be z(0). Suppose -4*j = j - x. Is j a prime number?
False
Suppose 3*l + 3*i - 6 = 0, -3*l = -5*i + i + 8. Let z(c) = -c**2 + 5*c + 2. Let s be z(6). Is (s - -43) + l/1 a composite number?
True
Let w(f) be the third derivative of f**6/40 + f**5/60 - f**4/12 + f**3/6 + 2*f**2. Let j be w(1). Suppose j*i - 51 = 48. Is i prime?
False
Let y be (-124)/12 + 1/3. Let k = 14 + y. Suppose -2*f = 2*f - k*x - 168, -x = -5*f + 198. Is f a prime number?
False
Let o = 796 - -733. Is o composite?
True
Suppose -p + 53 = 3*z + z, 5*p - 299 = -3*z. Suppose -2*g + 404 - p = -5*a, -12 = -4*a. Is g composite?
False
Let b(c) = -c - 6. Let g be b(-5). Is 329 + 2 + (-3 - g) a prime number?
False
Let h(a) = 11*a - 76. Is h(33) composite?
True
Let i(h) = 61*h - 9. Is i(4) composite?
True
Let n be 0/1 + -9*110/(-6). Suppose 5*k + 0*j + 345 = -j, 330 = -5*k + 2*j. Let t = k + n. Is t a prime number?
True
Suppose 0 = 8*q - 11*q + 573. Is q a prime number?
True
Let u(x) = x**2. Suppose 150 = 2*a + 3*a. Suppose 5*w = 25, 0 = -2*v - 0*w + 4*w - a. Is u(v) a prime number?
False
Let p = 764 - 273. Is p composite?
False
Suppose 2704 = 5*j + u, -j - 1084 = -3*j - u. Is 4/22 - j/(-55) a prime number?
False
Is ((-467)/4)/((-18)/360) prime?
False
Let r = 50 - 29. Is r composite?
True
Let o(s) = 65*s + 2. Is o(1) composite?
False
Suppose -6*m - 15 = -m. Let t = 18 + m. Is t a prime number?
False
Suppose -g + 4*j = -44, -32 - 10 = -g + 5*j. Suppose 12 = 3*c - 0*c. Suppose -c*l + 0*l = -g. Is l composite?
False
Suppose 0*j + 4*j - 19 = -y, 3*y = 2*j + 1. Let o(u) = u**2 - 8*u - 4. Let h be o(9). Suppose g + 4*w - 35 = 0, 56 = y*g + g - h*w. Is g prime?
True
Let b = -454 + 741. Is b composite?
True
Let o(x) = 6*x**2 + x. Suppose 4*u + 11 = -5*a, -a + 2*u = 6*u - 1. Let k be (4/(-6))/(2/a). Is o(k) a prime number?
True
Suppose -5*m - 22 = -2*o, -4*o - 22 = -3*m + 4*m. Let g(h) = h**3 + 8*h**2 + 5*h + 5. Is g(m) composite?
False
Let n(d) = -d**3 - 3*d**2 - d + 2. Let z be n(-3). Let g(b) be the first derivative of 2*b**3/3 - 3*b**2/2 + 2*b - 1. Is g(z) a prime number?
True
Suppose -6 - 9 = -3*a. Suppose -25 = 4*u + 5*d, 0*u - 25 = -2*u + a*d. Suppose -12 = -3*n, -2*s - 3*s + n + 181 = u. Is s composite?
False
Is (-1740)/(-3) + (6 - 3) composite?
True
Is (-2 - -3)/((-9)/(-279)) composite?
False
Let p = -4 - -4. Suppose p*u = -u. Suppose 3*j = c + 4*c - 56, u = 3*c + 3*j - 48. Is c a composite number?
False
Suppose -11*w + 12*w - 299 = 0. Is w a composite number?
True
Suppose 6*l - 12*l = -5370. Is l a prime number?
False
Suppose w = -0*w - 209. Let b = w - -366. Is b a composite number?
False
Let k = 112 - 35. Is k a composite number?
True
Let u(q) = -4*q**2 - 3*q - 13. Let a be u(8). Let t = 438 + a. Is t composite?
True
Let y(l) = 7*l - 2 + 0 - 2 + 6. Let g(k) = k**3 + 9*k**2 - k + 2. Let i be g(-9). Is y(i) composite?
False
Suppose -189 = 2*w - 5*w. Suppose 8*y - w = 5*y. Is y a prime number?
False
Let j(w) = 2*w - 2. Let f be 16/12 + (-2)/(-3). Let t be j(f). Suppose 0 = -t*n + y + 182, 6 + 14 = -5*y. Is n prime?
True
Suppose 4 = 4*a - 2*a. Let c = 27 - a. Is c a composite number?
True
Is 5*(396/5 - 6/2) a composite number?
True
Suppose -1094 = -5*j + 3*y, 0*y - 865 = -4*j - y. Is j prime?
False
Let y be 1 + (1 - 0 - -23). Suppose -y = 2*r - 7*r. Suppose -4*w + 15 = -5, -2*z + 111 = r*w. Is z a prime number?
True
Suppose c = 6*c - 845. Let i = 296 - c. Is i a composite number?
False
Let d(s) = 7*s. Suppose -c + 4*r - 27 = -4*c, -3*r - 1 = -2*c. Is d(c) composite?
True
Let t(o) = -9*o + 4. Let g be t(-4). Is (-305)/(-4) - (-30)/g a composite number?
True
Let l(d) be the second derivative of -3*d**4/8 + d**3/3 - d**2 - 2*d. Let u(c) be the first derivative of l(c). Is u(-7) a prime number?
False
Let m(f) = -2*f + 8. Let n be m(-9). Suppose -n*b + 22*b + 596 = 0. Is b prime?
True
Let t = 0 + 3. Let z be t - 2 - 17*-1. Let k = z - 7. Is k a prime number?
True
Suppose 2*q = 7*q + 15. Is (-5)/q*546/14 a prime number?
False
Let w be (6 + -3)*1 + 61. Suppose -w = -q + 21. Is q a composite number?
True
Suppose -c + 902 = -2*x + 4*c, -3*x - 3*c - 1311 = 0. Let g = -254 - x. Suppose 4*i = 49 + g. Is i composite?
False
Suppose j + s - 8 = 0, -2*j - j - s = -14. Suppose j = 4*r - 9. Is r prime?
True
Let n = 1448 + -865. Is n a prime number?
False
Let h = 451 + 106. Is h prime?
True
Let b(k) be the second derivative of 23*k**6/720 - k**5/20 - k**4/6 + 3*k. Let q(h) be the third derivative of b(h). Is q(5) prime?
True
Let u be 0 + 0 + 0 + 7. Let v = -4 + u. Is -2*97*v/(-6) a composite number?
False
Suppose 3*d - 168 = 3*s, 0*d + 3*d - 167 = 2*s. Is d composite?
True
Let u(s) = -s**3 + 8*s**2 - 2*s - 4. Let y(t) = -t**2 - 6*t. Let o be y(-5). Let v(c) = 2*c - 3. Let q be v(o). Is u(q) a prime number?
True
Let a be -3 + (-3)/(1/(-1)). Suppose 3*n - 14 - 97 = a. Is n prime?
True
Let k(n) = 17*n**2 + 6*n + 7. Is k(-3) prime?
False
Suppose 0 = -2*x + 10 + 492. Is x prime?
True
Suppose 5*z - 185 = -0*z. Is z composite?
False
Let j(u) = -u**3 - 8*u**2 - 9*u + 9. Let a be j(-7). Let w = -9 + a. Is w a prime number?
False
Suppose 6*k = 2091 + 2721. Is k composite?
True
Suppose 0*p - 4*p + 20 = 0. Suppose -p*g + 206 + 1649 = 0. Is g prime?
False
Let d(q) = 1 + 1 - 11 + 5*q. Let f be d(-7). Let z = -13 - f. Is z a prime number?
True
Suppose -4*q + 3 = -5. Let b = -8 + 10. Suppose 3*a + b*m - 26 = 3, q = -m. Is a prime?
True
Let q(d) = -d - 6. Let y be q(-5). Let j be (-4 + -2)*y/2. Suppose j*p + 0 = 105. Is p prime?
False
Suppose 3*v = 2*v + 3*y + 279, -283 = -v + 2*y. Is v a prime number?
False
Let d(y) = -18*y + 4. Suppose a = -5*i - 12, -a = -i + 4*a - 18. Is d(i) composite?
True
Suppose 5*c + 6 = 4*p, -2*p + 0*p + 6 = -c. Let t = p + 0. Is 23/(((-12)/(-9))/t) a composite number?
True
Is 1478*(3/(-2) - -1)*-1 composite?
False
Suppose 2*h - 907 - 1263 = 0. Let l = -178 + h. Is l prime?
True
Let v(s) = -3*s**3 - 3*s**2 - 3*s. Let b be v(-2). Let h = b + -29. Let n = h - -64. Is n a prime number?
True
Let k(r) = -2*r**2 - 4*r**3 + 5*r**3 - 6*r + 7 - 2*r**2. Let j be k(5). Suppose -q + j = 0, -4*c - q = -0*q - 78. Is c prime?
True
Suppose -m = -3*m - 250. Suppose -27 = -2*i + 5*n, 0 = -4*n - 0*n - 12. Is (i/3 - m) + 0 prime?
True
Let v be (3/(-9))/(1/(-9)). Suppose 0 = -v*o - r + 69, 4*o + 2*r = -0*o + 94. Is o composite?
True
Suppose 3*v = -v + 948. Suppose 4*z - 503 = v. Is z a prime number?
False
Suppose 3*w = 17*w - 3038. Is w a prime number?
False
Let c = 176 + -97. Is c prime?
True
Suppose 0 = 5*s + 17 + 23. Let x be 2 + 0 + -3 + 30. Let b = s + x. Is b prime?
False
Let t = -37 + 60. Is t composite?
False
Let a(n) = 4*n**3 + 6*n + 5. Is a(5) composite?
True
Let k = 1344 - 605. Is k a composite number?
False
Let z(c) = -22*c. Let h = 5 + -6. Let l be z(h). Let v = 87 - l. Is v prime?
False
Suppose 1244 = -3*i + 3875. Is i a composite number?
False
Let o(z) = -z - 1. Let h be o(7). Let b be h/(-36) + 56/(-9). Is (-38)/b + (-4)/(-6) composite?
False
Let l(q) = 43*q + 8. Is l(5) a prime number?
True
Let b(a) = -a**3 + 3*a**2 - 2*a - 7. Is b(-5) a composite number?
True
Let k = 476 - -546. Suppose -4*a - 783 = -3*z, -4*z - 4*a + k = -2*a. Is z a prime number?
True
Let r(h) = 15*h**2 - 3*h + 1. Is r(2) a prime number?
False
Let a(z) = 3*z**2 - 11*z + 5. Suppose -4*w + 45 = w. Is a(w) a composite number?
False
Let x(b) = b**3 - 4*b**2 + 7*b - 6. Suppose -2*u = -4*s + 10, 2*u = -5*s - 0*u + 26. Let t be x(s). Let g = -1 + t. Is g prime?
False
Let a(i) = i + 6. Let v be a(-3). Let z(p) = p**3 + 2*p**2 - 2*p - 2. Is z(v) composite?
False
Let f = -4 + 6. Let x = f + -17. Let c = 29 + x. Is c a composite number?
True
Let s(n) = 12*n**2 - 